{"id":7,"date":"2025-07-12T09:39:00","date_gmt":"2025-07-12T07:39:00","guid":{"rendered":"https:\/\/thesatincrew.com\/?page_id=7"},"modified":"2025-08-04T11:58:45","modified_gmt":"2025-08-04T09:58:45","slug":"the-satin-crew","status":"publish","type":"page","link":"https:\/\/thesatincrew.com\/","title":{"rendered":"The Satin Crew"},"content":{"rendered":"\t\t<div data-elementor-type=\"wp-post\" data-elementor-id=\"7\" class=\"elementor elementor-7\">\n\t\t\t\t<div class=\"elementor-element elementor-element-200601f e-con-full e-flex e-con e-parent\" data-id=\"200601f\" data-element_type=\"container\">\n\t\t\t\t<div class=\"elementor-element elementor-element-6d046fc elementor-widget elementor-widget-image\" data-id=\"6d046fc\" data-element_type=\"widget\" data-widget_type=\"image.default\">\n\t\t\t\t\t\t\t\t\t\t\t\t\t\t\t<img fetchpriority=\"high\" decoding=\"async\" width=\"300\" height=\"203\" src=\"https:\/\/thesatincrew.com\/wp-content\/uploads\/2025\/07\/SatinCrewLogo-300x203.png\" class=\"attachment-medium size-medium wp-image-48\" alt=\"\" srcset=\"https:\/\/thesatincrew.com\/wp-content\/uploads\/2025\/07\/SatinCrewLogo-300x203.png 300w, https:\/\/thesatincrew.com\/wp-content\/uploads\/2025\/07\/SatinCrewLogo.png 719w\" sizes=\"(max-width: 300px) 100vw, 300px\" \/>\t\t\t\t\t\t\t\t\t\t\t\t\t\t\t<\/div>\n\t\t\t\t<div class=\"elementor-element elementor-element-56e629f elementor-widget elementor-widget-image\" data-id=\"56e629f\" data-element_type=\"widget\" data-widget_type=\"image.default\">\n\t\t\t\t\t\t\t\t\t\t\t\t\t\t\t<img decoding=\"async\" width=\"300\" height=\"300\" src=\"https:\/\/thesatincrew.com\/wp-content\/uploads\/2025\/07\/supercarcamping.png\" class=\"attachment-medium size-medium wp-image-14\" alt=\"\" \/>\t\t\t\t\t\t\t\t\t\t\t\t\t\t\t<\/div>\n\t\t\t\t<\/div>\n\t\t<div class=\"elementor-element elementor-element-77e1e2e e-con-full e-flex e-con e-parent\" data-id=\"77e1e2e\" data-element_type=\"container\" data-settings=\"{&quot;background_background&quot;:&quot;classic&quot;}\">\n\t\t\t\t<div class=\"elementor-element elementor-element-226f9dc elementor-widget elementor-widget-video\" data-id=\"226f9dc\" data-element_type=\"widget\" data-settings=\"{&quot;youtube_url&quot;:&quot;https:\\\/\\\/www.youtube.com\\\/watch?v=AORZ3xEN_C8&quot;,&quot;autoplay&quot;:&quot;yes&quot;,&quot;mute&quot;:&quot;yes&quot;,&quot;video_type&quot;:&quot;youtube&quot;}\" data-widget_type=\"video.default\">\n\t\t\t\t\t\t\t<div class=\"elementor-wrapper elementor-open-inline\">\n\t\t\t<div class=\"elementor-video\"><\/div>\t\t<\/div>\n\t\t\t\t\t\t<\/div>\n\t\t\t\t<\/div>\n\t\t<div class=\"elementor-element elementor-element-0dbfb14 e-con-full e-flex e-con e-parent\" data-id=\"0dbfb14\" data-element_type=\"container\" data-settings=\"{&quot;background_background&quot;:&quot;classic&quot;}\">\n\t\t<div class=\"elementor-element elementor-element-66d74ca e-con-full e-flex e-con e-child\" data-id=\"66d74ca\" data-element_type=\"container\">\n\t\t<div class=\"elementor-element elementor-element-da3f8ff e-con-full e-flex e-con e-child\" data-id=\"da3f8ff\" data-element_type=\"container\">\n\t\t\t\t<div class=\"elementor-element elementor-element-915612e elementor-widget elementor-widget-heading\" data-id=\"915612e\" data-element_type=\"widget\" data-widget_type=\"heading.default\">\n\t\t\t\t\t<h1 class=\"elementor-heading-title elementor-size-default\">The Satin Crew<\/i><\/h1>\t\t\t\t<\/div>\n\t\t\t\t<div class=\"elementor-element elementor-element-0a23b75 elementor-widget elementor-widget-heading\" data-id=\"0a23b75\" data-element_type=\"widget\" data-widget_type=\"heading.default\">\n\t\t\t\t\t<h1 class=\"elementor-heading-title elementor-size-default\">Supercar Camping<\/h1>\t\t\t\t<\/div>\n\t\t\t\t<div class=\"elementor-element elementor-element-cfbffbe elementor-widget__width-initial elementor-widget-mobile__width-inherit elementor-widget elementor-widget-text-editor\" data-id=\"cfbffbe\" data-element_type=\"widget\" data-widget_type=\"text-editor.default\">\n\t\t\t\t\t\t\t\t\t<strong style=\"font-weight:700\">Adrenalin trifft Abenteuer:<\/strong> Supercar Camping ist kein gew\u00f6hnlicher Roadtrip \u2013 es ist eine einzigartige Verbindung aus High-Performance-Fahrzeugen, stylischem Outdoor-Erlebnis und Freundschaft. Wir reisen mit Supercars durch atemberaubende Landschaften, \u00fcbernachten an ausgew\u00e4hlten Spots in Rooftop-Zelten und nehmen unsere Community mit, die f\u00fcr Freiheit, Performance und echtes Leben brennt.<p>\n<strong style=\"font-weight:700\">Drive. Camp. Connect.<\/strong><br data-start=\"708\" data-end=\"711\" \/>Erlebe den Sound, die Stra\u00dfe \u2013 und das Gef\u00fchl, genau im Moment zu sein.<\/p>\t\t\t\t\t\t\t\t<\/div>\n\t\t\t\t<div class=\"elementor-element elementor-element-d8bc77a e-grid-align-left elementor-widget__width-initial elementor-widget-mobile__width-inherit elementor-shape-rounded elementor-grid-0 elementor-widget elementor-widget-social-icons\" data-id=\"d8bc77a\" data-element_type=\"widget\" data-widget_type=\"social-icons.default\">\n\t\t\t\t\t\t\t<div class=\"elementor-social-icons-wrapper elementor-grid\" role=\"list\">\n\t\t\t\t\t\t\t<span class=\"elementor-grid-item\" role=\"listitem\">\n\t\t\t\t\t<a class=\"elementor-icon elementor-social-icon elementor-social-icon-youtube elementor-repeater-item-eae9ff3\" href=\"https:\/\/youtube.com\/thesatincrew\" target=\"_blank\">\n\t\t\t\t\t\t<span class=\"elementor-screen-only\">Youtube<\/span>\n\t\t\t\t\t\t<svg class=\"e-font-icon-svg e-fab-youtube\" viewBox=\"0 0 576 512\" xmlns=\"http:\/\/www.w3.org\/2000\/svg\"><path d=\"M549.655 124.083c-6.281-23.65-24.787-42.276-48.284-48.597C458.781 64 288 64 288 64S117.22 64 74.629 75.486c-23.497 6.322-42.003 24.947-48.284 48.597-11.412 42.867-11.412 132.305-11.412 132.305s0 89.438 11.412 132.305c6.281 23.65 24.787 41.5 48.284 47.821C117.22 448 288 448 288 448s170.78 0 213.371-11.486c23.497-6.321 42.003-24.171 48.284-47.821 11.412-42.867 11.412-132.305 11.412-132.305s0-89.438-11.412-132.305zm-317.51 213.508V175.185l142.739 81.205-142.739 81.201z\"><\/path><\/svg>\t\t\t\t\t<\/a>\n\t\t\t\t<\/span>\n\t\t\t\t\t\t\t<span class=\"elementor-grid-item\" role=\"listitem\">\n\t\t\t\t\t<a class=\"elementor-icon elementor-social-icon elementor-social-icon-tiktok elementor-repeater-item-c7d2cbe\" href=\"https:\/\/www.tiktok.com\/@tsctv1\" target=\"_blank\">\n\t\t\t\t\t\t<span class=\"elementor-screen-only\">Tiktok<\/span>\n\t\t\t\t\t\t<svg class=\"e-font-icon-svg e-fab-tiktok\" viewBox=\"0 0 448 512\" xmlns=\"http:\/\/www.w3.org\/2000\/svg\"><path d=\"M448,209.91a210.06,210.06,0,0,1-122.77-39.25V349.38A162.55,162.55,0,1,1,185,188.31V278.2a74.62,74.62,0,1,0,52.23,71.18V0l88,0a121.18,121.18,0,0,0,1.86,22.17h0A122.18,122.18,0,0,0,381,102.39a121.43,121.43,0,0,0,67,20.14Z\"><\/path><\/svg>\t\t\t\t\t<\/a>\n\t\t\t\t<\/span>\n\t\t\t\t\t\t\t<span class=\"elementor-grid-item\" role=\"listitem\">\n\t\t\t\t\t<a class=\"elementor-icon elementor-social-icon elementor-social-icon-instagram elementor-repeater-item-bbd1212\" href=\"https:\/\/instagram.com\/thesatincrew\" target=\"_blank\">\n\t\t\t\t\t\t<span class=\"elementor-screen-only\">Instagram<\/span>\n\t\t\t\t\t\t<svg class=\"e-font-icon-svg e-fab-instagram\" viewBox=\"0 0 448 512\" xmlns=\"http:\/\/www.w3.org\/2000\/svg\"><path d=\"M224.1 141c-63.6 0-114.9 51.3-114.9 114.9s51.3 114.9 114.9 114.9S339 319.5 339 255.9 287.7 141 224.1 141zm0 189.6c-41.1 0-74.7-33.5-74.7-74.7s33.5-74.7 74.7-74.7 74.7 33.5 74.7 74.7-33.6 74.7-74.7 74.7zm146.4-194.3c0 14.9-12 26.8-26.8 26.8-14.9 0-26.8-12-26.8-26.8s12-26.8 26.8-26.8 26.8 12 26.8 26.8zm76.1 27.2c-1.7-35.9-9.9-67.7-36.2-93.9-26.2-26.2-58-34.4-93.9-36.2-37-2.1-147.9-2.1-184.9 0-35.8 1.7-67.6 9.9-93.9 36.1s-34.4 58-36.2 93.9c-2.1 37-2.1 147.9 0 184.9 1.7 35.9 9.9 67.7 36.2 93.9s58 34.4 93.9 36.2c37 2.1 147.9 2.1 184.9 0 35.9-1.7 67.7-9.9 93.9-36.2 26.2-26.2 34.4-58 36.2-93.9 2.1-37 2.1-147.8 0-184.8zM398.8 388c-7.8 19.6-22.9 34.7-42.6 42.6-29.5 11.7-99.5 9-132.1 9s-102.7 2.6-132.1-9c-19.6-7.8-34.7-22.9-42.6-42.6-11.7-29.5-9-99.5-9-132.1s-2.6-102.7 9-132.1c7.8-19.6 22.9-34.7 42.6-42.6 29.5-11.7 99.5-9 132.1-9s102.7-2.6 132.1 9c19.6 7.8 34.7 22.9 42.6 42.6 11.7 29.5 9 99.5 9 132.1s2.7 102.7-9 132.1z\"><\/path><\/svg>\t\t\t\t\t<\/a>\n\t\t\t\t<\/span>\n\t\t\t\t\t<\/div>\n\t\t\t\t\t\t<\/div>\n\t\t\t\t<\/div>\n\t\t\t\t<\/div>\n\t\t\t\t<div class=\"elementor-element elementor-element-93c965e elementor-widget__width-initial elementor-widget elementor-widget-html\" data-id=\"93c965e\" data-element_type=\"widget\" data-widget_type=\"html.default\">\n\t\t\t\t\t<blockquote class=\"tiktok-embed\" cite=\"https:\/\/www.tiktok.com\/@tsctv1\/video\/7517756564007144726\" data-video-id=\"7517756564007144726\" style=\"max-width: 605px;min-width: 325px;\" > <section> <a target=\"_blank\" title=\"@tsctv1\" href=\"https:\/\/www.tiktok.com\/@tsctv1?refer=embed\">@tsctv1<\/a> 5 MOODS ROADTRIP EDITION! \ud83d\udcaa <a title=\"mood\" target=\"_blank\" href=\"https:\/\/www.tiktok.com\/tag\/mood?refer=embed\">#mood<\/a> <a title=\"stimmung\" target=\"_blank\" href=\"https:\/\/www.tiktok.com\/tag\/stimmung?refer=embed\">#stimmung<\/a> <a title=\"witzig\" target=\"_blank\" href=\"https:\/\/www.tiktok.com\/tag\/witzig?refer=embed\">#witzig<\/a> <a title=\"roadtrip\" target=\"_blank\" href=\"https:\/\/www.tiktok.com\/tag\/roadtrip?refer=embed\">#roadtrip<\/a> <a target=\"_blank\" title=\"\u266c original sound - tsctv\" href=\"https:\/\/www.tiktok.com\/music\/original-sound-7517756559826733846?refer=embed\">\u266c original sound - tsctv<\/a> <\/section> <\/blockquote> <script async src=\"https:\/\/www.tiktok.com\/embed.js\"><\/script>\t\t\t\t<\/div>\n\t\t<div class=\"elementor-element elementor-element-03d383f e-con-full e-flex e-con e-child\" data-id=\"03d383f\" data-element_type=\"container\">\n\t\t\t\t<div class=\"elementor-element elementor-element-69801d1 elementor-widget__width-initial elementor-widget elementor-widget-html\" data-id=\"69801d1\" data-element_type=\"widget\" data-widget_type=\"html.default\">\n\t\t\t\t\t<iframe width=\"560\" height=\"315\" src=\"https:\/\/www.youtube.com\/embed\/videoseries?si=mswFvM6GcSp-vGuZ&amp;list=PL8s5poxIz5UOSryZSB3BEOwcozQ5e4_HJ\" title=\"YouTube video player\" frameborder=\"0\" allow=\"accelerometer; autoplay; clipboard-write; encrypted-media; gyroscope; picture-in-picture; web-share\" referrerpolicy=\"strict-origin-when-cross-origin\" allowfullscreen><\/iframe>\t\t\t\t<\/div>\n\t\t\t\t<div class=\"elementor-element elementor-element-9d0408c elementor-widget__width-initial elementor-widget elementor-widget-html\" data-id=\"9d0408c\" data-element_type=\"widget\" data-widget_type=\"html.default\">\n\t\t\t\t\t<iframe width=\"560\" height=\"315\" src=\"https:\/\/www.youtube.com\/embed\/videoseries?si=dgjcTAwNKGIMhGrg&amp;list=PL8s5poxIz5UNqFs2ahkklHXbBgq59O0jf\" title=\"YouTube video player\" frameborder=\"0\" allow=\"accelerometer; autoplay; clipboard-write; encrypted-media; gyroscope; picture-in-picture; web-share\" referrerpolicy=\"strict-origin-when-cross-origin\" allowfullscreen><\/iframe>\t\t\t\t<\/div>\n\t\t\t\t<div class=\"elementor-element elementor-element-9e246c1 elementor-widget__width-initial elementor-widget elementor-widget-html\" data-id=\"9e246c1\" data-element_type=\"widget\" data-widget_type=\"html.default\">\n\t\t\t\t\t<iframe width=\"560\" height=\"315\" src=\"https:\/\/www.youtube.com\/embed\/videoseries?si=zkfEokXCIR0ARCvE&amp;list=PL8s5poxIz5UMqiKEYBhu5B1wQgKzLhgRl\" title=\"YouTube video player\" frameborder=\"0\" allow=\"accelerometer; autoplay; clipboard-write; encrypted-media; gyroscope; picture-in-picture; web-share\" referrerpolicy=\"strict-origin-when-cross-origin\" allowfullscreen><\/iframe>\t\t\t\t<\/div>\n\t\t\t\t<div class=\"elementor-element elementor-element-5f589e8 elementor-widget__width-initial elementor-widget elementor-widget-html\" data-id=\"5f589e8\" data-element_type=\"widget\" data-widget_type=\"html.default\">\n\t\t\t\t\t<iframe width=\"560\" height=\"315\" src=\"https:\/\/www.youtube.com\/embed\/videoseries?si=BkkFfxHcEg9UGdFB&amp;list=PL8s5poxIz5UPOFeACMN3n6AHTXPGM9kqJ\" title=\"YouTube video player\" frameborder=\"0\" allow=\"accelerometer; autoplay; clipboard-write; encrypted-media; gyroscope; picture-in-picture; web-share\" referrerpolicy=\"strict-origin-when-cross-origin\" allowfullscreen><\/iframe>\t\t\t\t<\/div>\n\t\t\t\t<\/div>\n\t\t\t\t<\/div>\n\t\t<div class=\"elementor-element elementor-element-561914f e-flex e-con-boxed e-con e-parent\" data-id=\"561914f\" data-element_type=\"container\">\n\t\t\t\t\t<div class=\"e-con-inner\">\n\t\t\t\t<div class=\"elementor-element elementor-element-a039266 elementor-widget elementor-widget-heading\" data-id=\"a039266\" data-element_type=\"widget\" data-widget_type=\"heading.default\">\n\t\t\t\t\t<h1 class=\"elementor-heading-title elementor-size-default\">Impressum<\/h1>\t\t\t\t<\/div>\n\t\t\t\t<div class=\"elementor-element elementor-element-0fc4f4b elementor-widget elementor-widget-text-editor\" data-id=\"0fc4f4b\" data-element_type=\"widget\" data-widget_type=\"text-editor.default\">\n\t\t\t\t\t\t\t\t\t<p data-start=\"249\" data-end=\"681\"><b>The Satin Crew GmbH | Miesbacher Str. 2 | 83703 Gmund am Tegernsee<br \/><\/b>Gesch\u00e4ftsf\u00fchrer: Marco Alexander Hahn | contact@thesatincrew.com<br \/>Sitz der Gesellschaft: Gmund\u00a0 | Amtsgericht M\u00fcnchen | HRB 267804<br \/>Steuernummer: 139\/140\/12273 | USt-IdNr. DE331225852<\/p>\t\t\t\t\t\t\t\t<\/div>\n\t\t\t\t<div class=\"elementor-element elementor-element-651c061 elementor-widget elementor-widget-text-editor\" data-id=\"651c061\" data-element_type=\"widget\" data-widget_type=\"text-editor.default\">\n\t\t\t\t\t\t\t\t\t<p data-start=\"249\" data-end=\"681\"><span style=\"color: #000000;\"><b>Design: <a style=\"color: #000000;\" href=\"https:\/\/livdesigns.de\" target=\"_blank\" rel=\"noopener\">LIV designs<\/a><\/b><\/span><\/p>\t\t\t\t\t\t\t\t<\/div>\n\t\t\t\t\t<\/div>\n\t\t\t\t<\/div>\n\t\t\t\t<\/div>\n\t\t","protected":false},"excerpt":{"rendered":"<p>https:\/\/www.youtube.com\/watch?v=AORZ3xEN_C8 The Satin Crew Supercar Camping Adrenalin trifft Abenteuer: Supercar Camping ist kein gew\u00f6hnlicher Roadtrip \u2013 es ist eine einzigartige Verbindung aus High-Performance-Fahrzeugen, stylischem Outdoor-Erlebnis und Freundschaft. Wir reisen mit Supercars durch atemberaubende Landschaften, \u00fcbernachten an ausgew\u00e4hlten Spots in Rooftop-Zelten und nehmen unsere Community mit, die f\u00fcr Freiheit, Performance und echtes Leben brennt. Drive. Camp. [&hellip;]<\/p>\n","protected":false},"author":1,"featured_media":0,"parent":0,"menu_order":0,"comment_status":"closed","ping_status":"closed","template":"elementor_canvas","meta":{"footnotes":""},"class_list":["post-7","page","type-page","status-publish","hentry"],"_links":{"self":[{"href":"https:\/\/thesatincrew.com\/index.php?rest_route=\/wp\/v2\/pages\/7","targetHints":{"allow":["GET"]}}],"collection":[{"href":"https:\/\/thesatincrew.com\/index.php?rest_route=\/wp\/v2\/pages"}],"about":[{"href":"https:\/\/thesatincrew.com\/index.php?rest_route=\/wp\/v2\/types\/page"}],"author":[{"embeddable":true,"href":"https:\/\/thesatincrew.com\/index.php?rest_route=\/wp\/v2\/users\/1"}],"replies":[{"embeddable":true,"href":"https:\/\/thesatincrew.com\/index.php?rest_route=%2Fwp%2Fv2%2Fcomments&post=7"}],"version-history":[{"count":133,"href":"https:\/\/thesatincrew.com\/index.php?rest_route=\/wp\/v2\/pages\/7\/revisions"}],"predecessor-version":[{"id":154,"href":"https:\/\/thesatincrew.com\/index.php?rest_route=\/wp\/v2\/pages\/7\/revisions\/154"}],"wp:attachment":[{"href":"https:\/\/thesatincrew.com\/index.php?rest_route=%2Fwp%2Fv2%2Fmedia&parent=7"}],"curies":[{"name":"wp","href":"https:\/\/api.w.org\/{rel}","templated":true}]}}